f l**4/24 + l**3/6 - 2*l**2 - 233. Suppose 94 = 5*o - 1. Suppose o*y - 12 = 15*y. Calculate r(y).
4
Let x(b) = 2*b**3 + 27*b**2 + 11*b - 14. Suppose -2*t - 5727 + 5701 = 0. Give x(t).
12
Suppose 421*d + 308 = -1376. Let f(r) = -3*r**2 - 20*r - 34. Determine f(d).
-2
Suppose 5*n = -4*p - 2, 0 = -5*p - 4*n + 3 - 1. Let c(j) = 4*j + 16 - 19 + 2 + p*j**2. Determine c(-3).
5
Suppose -5*v - 8 - 29 = 4*r, 3*v + 25 = -r. Let w(p) = p**2 + 6*p - 15. Give w(r).
1
Let z(d) = 2*d**2 + 2*d. Let n(p) = -111 + p**2 + 111 - 2*p**2 - p. Let b(x) = 4*n(x) + 3*z(x). What is b(-4)?
24
Let i = -26 + 32. Let m be ((-4)/i)/((-3)/36). Let p(o) = o**3 + o**2 + o + 1. Let v(f) = -6*f**3 + 3*f**2 - 7*f + 5. Let z(s) = -5*p(s) - v(s). Determine z(m).
6
Let v be (3 - (0 + 2)) + 4 + -2. Let t(b) = 42*b - 43*b - b**v - 6*b**3. Let j be 6 + -7 - (0 + 0). Give t(j).
8
Let n(p) = p**2 + 3*p + 2. Suppose 4*f = 101 + 163. Suppose 0 = q - 0*q + f. Let v be 24/(-11) + 318/q + 5. Calculate n(v).
0
Let n(x) = 2. Let t(d) be the second derivative of 5*d**3/6 + 6*d**2 + 15*d - 1. Let k(p) = 6*n(p) - t(p). Determine k(-1).
5
Let u(y) = -y**3 - 6*y**2 - 3*y + 3. Let n = 14 - 11. Suppose -4*i = n - 19. Let o(v) = v - 9. Let k be o(i). What is u(k)?
-7
Let b(p) be the first derivative of 35*p**2/2 + 8*p + 120. Let o(t) = 19*t + 4. Let l(s) = 6*b(s) - 11*o(s). Give l(-3).
1
Let c(b) = -11*b - 17. Let t(q) be the third derivative of -q**4/6 - q**3 + 86*q**2. Let h(j) = -3*c(j) + 8*t(j). Give h(-11).
-8
Suppose 4*d - 272 + 252 = 0. Let h(z) = 15 + z**2 + 15*z + d*z - z - 10*z. Give h(-7).
1
Let m(t) be the third derivative of -t**5/60 + t**4/6 - 4*t**3/3 + t**2 + 466*t. What is m(6)?
-20
Let p(d) = -5 + 31 - 1 + 2 - 6*d. What is p(5)?
-3
Let j(n) = 164*n**3 - 9*n**2 - 16*n + 35. Let p(u) = -38*u**3 + 2*u**2 + 4*u - 9. Let k(i) = -3*j(i) - 13*p(i). Calculate k(-3).
-21
Let f(v) = -3*v + 7. Let o(d) = -8*d + 12. Let b(r) = -14*f(r) + 6*o(r). Give b(-5).
4
Let n = 56 + -5. Suppose n = -3*f - 1407. Let k be f/72 - 1/4. Let a(w) = -w**3 - 8*w**2 - 9*w - 3. Determine a(k).
11
Let o(b) = -6 - 2*b - 7*b**2 - 2*b**3 + 0*b**3 + b**3. Suppose -992 = 208*y + 678 - 214. Determine o(y).
8
Let q(d) = d**2 - 40*d - 25. Let g(u) = u**2 - 82*u - 50. Let h(f) = -3*g(f) + 7*q(f). Let x be h(9). Let m(o) = o**2 + 10*o + 2. What is m(x)?
-19
Let p(b) = -7*b**3 + 12*b**2 + 7*b - 7. Let q(a) = -19*a**3 + 34*a**2 + 21*a - 19. Let v(m) = -11*p(m) + 4*q(m). What is v(-5)?
-59
Let p(b) = -12*b - 29. Suppose -3*r + 2*q + 2 = 0, q = -2*r - r + 8. Let a(j) = -5*j - 15. Let c(k) = r*p(k) - 5*a(k). Calculate c(-8).
9
Let d be 1 - -3 - (-357)/7. Let t be ((-132)/d)/(3/10). Let x(o) be the first derivative of -o**2/2 - 8*o - 7. Calculate x(t).
0
Let b(l) = 4*l**2 - l + 4. Let h(x) = -x**3 - 62*x**2 + 62*x - 66. Let n be h(-63). Give b(n).
43
Let o = -4608 + 4614. Let s(v) = 6*v - 32. Calculate s(o).
4
Suppose -4 + 21 = -z - 5*b, 3*b + 6 = 0. Let t(x) be the third derivative of -x**5/60 - 3*x**4/8 - x**3/3 + 163*x**2. What is t(z)?
12
Let g(m) be the third derivative of 17*m**4/12 - 91*m**3/2 - 2*m**2 - 52*m - 1. Calculate g(8).
-1
Let u(h) be the first derivative of h**3/3 - 5*h**2/2 + h + 3471. Let t be (-1 - 13)*3/(-6). Let f = t + -3. Give u(f).
-3
Let x(r) = 23*r + 3. Let y be (-6)/51 - (-72)/612. Give x(y).
3
Let s(j) be the third derivative of -j**6/40 - j**5/15 + j**4/24 + j**3/2 + 1380*j**2. Give s(-3).
45
Let n(s) = s**2. Let v(k) = 7*k**2 - 32. Let m(x) = 6*n(x) - v(x). Let p(f) be the first derivative of m(f). Determine p(4).
-8
Let k = -75 - -55. Let b = 33 + k. Let a(t) = t**2 + 0*t**2 - 13 - 2*t + b. Give a(4).
8
Let d(r) be the third derivative of 53*r**4/24 + 751*r**3/6 - 5168*r**2 + r. Calculate d(-14).
9
Let o(s) = 10*s**2 - 2*s - 1. Suppose 6 = -3*j - 0*j, -4*j = -4*g + 40. Suppose -543*f + g = -551*f. Calculate o(f).
11
Suppose -3*j - 2*y = y + 12, 0 = 2*j - 4*y - 22. Let m(c) = 51*c - 1. Let d(o) = 42*o. Let u(w) = -6*d(w) + 5*m(w). Give u(j).
-2
Let k(d) = 11128*d + d**3 - 4*d**3 - 27*d**2 - 11152*d + 4*d**3 - 44. Determine k(28).
68
Let b(f) = -4*f + 28. Let w be b(-3). Let p = w + -37. Suppose -3*k = -5*o + 2*o - 6, 5*k + 46 = -p*o. Let m(j) = -j**3 - 8*j**2 - 4*j + 10. Calculate m(o).
-11
Let p = 85 + -81. Let k(m) = 3*m + 6. Let b(i) be the second derivative of i**3/3 + 3*i**2/2 - 17*i. Let x(q) = -7*b(q) + 3*k(q). Determine x(p).
-23
Let y(o) = o**3 - 4*o**2 - 4*o + 1. Suppose 3*g = -3*g + 30. Let a be y(g). Let x(r) = r**2 - 10*r + 20. Give x(a).
-4
Let k(m) = -m**3 + 45*m - 6*m**2 - 8 + 10 - 46*m + 0. Calculate k(-5).
-18
Suppose -3 = -a, 0 = -v + 2*a - 0 + 2. Let n(d) = 0*d + 33 - d - 3*d + v*d. What is n(-8)?
1
Let t(d) = -22*d + 1. Let v(i) = -i**2 + 2*i. Let u(k) = -t(k) - 2*v(k). Let a be u(-9). Let r(h) = 2*h**3 + h**2 + 2*h. Determine r(a).
-3
Let s(r) = -r + 16. Let t = 154 + -136. Let h be -9 + (1 - -2) + t. Determine s(h).
4
Let t(q) = -q**2 - 13*q + 13. Let s(v) = 2*v**3 + 56*v**2 + 9*v + 242. Let u be s(-28). What is t(u)?
43
Let t(r) be the first derivative of -9*r**2/2 - 19*r + 419. What is t(-4)?
17
Suppose 4*b + 0 - 12 = 0. Let j(d) = b + 7*d + 10*d**2 - 18*d**2 + 9*d**2. Let x = 0 - 6. What is j(x)?
-3
Let g(s) = -s**3 - 6*s**2 - 5*s - 2. Suppose 0 = -4*u - 4*q - 112, 3*q = -39 + 27. Let d be 75/50*u/9. Determine g(d).
-14
Let o(s) be the third derivative of 7/6*s**3 + 0*s + 15 + 2*s**2 - 1/8*s**4. What is o(6)?
-11
Let z(s) = -s**2 - 2. Let c be z(2). Let r(b) be the first derivative of b**3/3 + 4*b**2 + b + 26991. Determine r(c).
-11
Let k(z) = 6*z + 21. Suppose -d - 7 = 2*c, 0 = 13*d - 12*d + 6*c + 11. Determine k(d).
-9
Let x(g) = -35*g - 8. Let m(v) = -69*v - 16. Let b(t) = 6*m(t) - 11*x(t). What is b(-2)?
50
Let q(c) = -c**2 + 18*c - 1. Suppose 79*f - 513 - 277 = 0. Give q(f).
79
Let c = 221 + -217. Let y(w) = -1 + c*w + 1 + 2 + 8*w. What is y(-1)?
-10
Let v(i) = -i**3 - i**2 - i + 8. Let d(g) = -g - 3. Suppose -3*c - 24 = 3*j, -3*j + 12 = c + 30. Let m be d(c). What is v(m)?
8
Let t(z) be the second derivative of -1/4*z**4 - 1/120*z**6 - 2/15*z**5 + 0 + 5/3*z**3 + 20*z - 7*z**2. Let g(u) be the first derivative of t(u). What is g(-7)?
3
Suppose -88*g + 87*g + 2 = 0. Let c(n) = 5*n - 11*n**2 - 61*n**3 + 8 + 62*n**3 + 18*n**g. Calculate c(-6).
14
Suppose -127 = -2*i - 109. Let a(h) = 5*h - i - 2*h + 0*h. Determine a(5).
6
Let k(h) = -14*h**2 + 22*h - 18. Let z be k(1). Let v(y) = y**3 + 9*y**2 - 9*y + 12. What is v(z)?
2
Let c = -4148 + 4105. Let p(w) = -5*w - 217. What is p(c)?
-2
Suppose -5*p = -4*y, 21 = y + 11*p - 7*p. Let o(x) = -x**2 + 5*x + 5. Give o(y).
5
Let b(a) = -502*a + 5 + 69*a + 434*a - 5 - 9. Suppose 3*z - 15 - 6 = -m, 3*z = -3*m + 33. Calculate b(m).
-3
Suppose -17*v + 30 = -2*v. Suppose -v*h + 5*r = -0*h + 21, 0 = -2*h + 4*r - 20. Let s(d) = d + 14. Calculate s(h).
6
Let j(o) = -8 + o + 7 + 0 + 9. Let c be j(24). Let m(p) = c - 55 + 21 - p**3. What is m(0)?
-2
Let j(p) = -3*p**2 - 5*p + 3. Let x be (-31)/((-279)/(-30))*((-6)/10 - 0). Calculate j(x).
-19
Suppose 2*y = b + 40 + 41, 5*b + 25 = 0. Suppose y = 4*h + 34. Let d(g) be the second derivative of 3*g**5/10 + g**4/12 - g**3/6 - 301*g - 1. Determine d(h).
6
Suppose 13*v = 8*v + 5*m - 105, 0 = 2*v - m + 48. Let j(n) = n**2 + 25*n - 29. What is j(v)?
25
Let l(h) = -1492*h**2 - 29*h + 2993*h**2 - 136 - 1502*h**2 + 4*h. Determine l(-16).
8
Let f(j) = 8*j - 236. Let k(i) = -6*i**2 - 56*i + 11. Let w be k(-9). What is f(w)?
-4
Let v(r) = -71 + 66 + 3*r - 36. Let g be v(16). Let w(o) = o**3 - 8*o**2 + 2*o + 5. Calculate w(g).
-30
Let l(m) = 16*m + 80. Let y be l(-5). Let k(b) = 7*b**3 - 11 - b**2 - b**3 + 5 - 5*b**3. Determine k(y).
-6
Suppose 3*t - 95 = 4*l, 3*l + 5*t - 9 + 73 = 0. Let h be 1*-2 + (l - -23). Let y(w) = -2*w + 4. Let j(k) = 4*k - 7. Let m(a) = 4*j(a) + 7*y(a). Give m(h).
-4
Let f(k) be the first derivative of k**4/4 - 5*k**3/3 + k**2/2 + 21*k + 8381. Determine f(6).
63
Let x = -1436 - -1428. Let b(v) = 8*v + 17. Determine b(x).
-47
Let w(q) = 3*q. Let x be 6/(-27) + 6853/(-63). Let a = -101 - x. Suppose -5 - a = 3*n + 2*o, 6 = -4*n + 3*o. What is w(n)?
-9
Let w(v) = -2*v + 3. Let s = 490 - 489. Suppose -17*d = -s + 52. Calculate w(d).
9
Let c(j) = j**3 - j**2 + j. Suppose 2535 = -0*l - 4*l 